-171). Let r(s) = s**3 + 13*s**2 + 17*s + 18. Determine r(j).
-42
Let r(h) = h. Let p(d) = d + 27. Let m(w) = p(w) + 4*r(w). Suppose 76*v + 55 = 24*v + 41*v. Give m(v).
2
Suppose -13*j + 15 = -10*j. Let w(n) be the first derivative of -n**3/3 + 2*n**2 - 3*n - 40. Calculate w(j).
-8
Let v(c) = -70*c - 11. Let t(w) = -26*w - 4. Let s(b) = -13*b - 2. Let y(g) = 9*s(g) - 4*t(g). Let x(l) = 2*v(l) - 11*y(l). Calculate x(9).
27
Let s(n) be the third derivative of 4 + 1/8*n**4 + 5/6*n**3 + 1/10*n**5 - 1/120*n**6 + 0*n - 20*n**2. Determine s(6).
23
Let d(h) = h**2 - 4*h + 8. Let k(p) = 2*p**2 + 1 - 13*p + 22 + p**2. Let y(s) = 11*d(s) - 4*k(s). Suppose -6 = -34*r + 2*r + 90. What is y(r)?
11
Let u(y) be the second derivative of y**5/20 + y**4/12 + y**3/3 + y**2/2 - 5*y - 187. Suppose -2*n - 2 = -n. What is u(n)?
-7
Let v be 2/9*-3*(-357)/34. Suppose 0 = 5*q + 4*k - 50, v*k = 6*k + 5. Let r(u) be the second derivative of 2*u**3/3 + u**2 - 3*u. What is r(q)?
26
Let f(d) = 2*d**3 - d**2 + 7*d - 7. Let l(m) = -6*m**2 + 48*m - 95. Let t be l(4). Calculate f(t).
1
Let o(n) be the third derivative of 3*n - 40*n**2 + n**3 - 1/24*n**4 + 0. What is o(-6)?
12
Let b(u) = -2*u**2 - 2*u + 24. Let k(d) = -13*d**2 - 8*d + 126. Let f(v) = -6*b(v) + k(v). Give f(6).
-30
Let i(u) = u**3 + 7*u**2 + 3*u - 8. Let p(o) = 5*o - o**3 + 6*o**2 + 0*o + 2 + 0*o**2. Let k be p(5). Let n = k - 58. Determine i(n).
10
Let a be (-2)/(-28)*4 + (-6)/21. Let i(d) = -3*d**2 + a*d**2 + 4*d**2 + 54 - 47 + 8*d. Calculate i(-5).
-8
Let o(g) = 9*g**2 + 22*g - 92. Let r(w) = 22*w**2 + 54*w - 230. Let j(b) = 12*o(b) - 5*r(b). Let c(a) be the first derivative of j(a). Determine c(-4).
10
Let y(c) = -2*c**3 + 5*c**2 - 9*c + 10. Let j be y(2). Let q(h) = -7*h + 1. Determine q(j).
29
Let t = -1170 - -1172. Let r(l) = -27*l - 2. Determine r(t).
-56
Let i(q) = 3*q**2 - 74*q + 45. Suppose 0 = l - 9 - 29 + 14. What is i(l)?
-3
Let o be 7430/42 + (-60)/(-630). Suppose -172*h + o*h = -20. Let r(a) = a - 1. Calculate r(h).
-5
Let g(o) = o**2 - 2*o. Suppose -5*u + 20 = -0. Suppose 2 = -u*q + 2. Suppose q*m - 4 = 4*i + 4*m, -3*m = -3*i + 9. Give g(i).
-1
Let t(z) = -z**3 + z + 2. Let i = 1 + 3. Suppose 21 + 32 = 3*k - n, -3*n - 69 = -4*k. Let m be (-32)/k + i/(-18). What is t(m)?
8
Let t(u) = u + 10. Suppose 48 = 2*q + 4*n - 50, n = -q + 50. Suppose 46*i - q*i - 40 = 0. Calculate t(i).
2
Let r = -4 - -6. Suppose -41*m - 11*m + 312 = 0. Let l(j) = 4*j**r + 8*j - m - j**2 - j**2 + 0. Give l(-6).
18
Let d(j) = 3*j**2 + 3*j. Let w be 10 + (-1)/2*4. Suppose 3*z + 6 = 2*i + w*z, 4*z + 2 = -5*i. What is d(i)?
6
Let q(z) = 6*z + 3*z - 13*z - 3*z - 3*z + 5. Calculate q(-3).
35
Let k(a) be the second derivative of -a**5/60 - a**4/12 + 5*a**3/6 + 19*a**2/2 - 45*a - 2. Let y(i) be the first derivative of k(i). Determine y(-4).
-3
Let h(s) = -s - 1. Let n(r) = -4*r - 9. Let z(a) = 3*h(a) - n(a). Suppose 0 = -5*u - 766 + 261. Let j = u - -95. Calculate z(j).
0
Let p(m) = -49*m**2 + 21*m + 85. Let q(z) = -8*z**2 + 1. Let s(f) = -p(f) + 6*q(f). Determine s(24).
-7
Let i(w) = w**2 + 11*w + 11. Suppose -11*n = -3*t - 8*n - 36, -6 = -3*t - 3*n. Determine i(t).
-19
Suppose 3*y + 4*w - 5 = 89, 3 = 3*w. Let p(u) be the third derivative of 5/6*u**3 + y*u**2 + 0*u - 3/8*u**4 + 0 + 1/60*u**5. Determine p(9).
5
Let t(l) be the second derivative of -1/2*l**2 + 1/3*l**4 + 0 + 9*l - 2/3*l**3 + 1/20*l**5. Let w be (0 - 3) + -4*(-14)/(-28). Determine t(w).
-6
Let p(b) = -90*b**3 - 390*b**2 + 390*b - 767. Let l(g) = -17*g**3 - 73*g**2 + 73*g - 144. Let y(v) = -53*l(v) + 10*p(v). Calculate y(30).
-8
Let k(u) be the first derivative of u**2/2 + 5*u + 1870. Let z = 6 - 6. Let i(q) = -q**2 - 5. Let y be i(z). What is k(y)?
0
Let a(w) be the first derivative of w**4/4 - 23*w**3/3 + 27*w**2/2 - 31*w + 4345. Give a(22).
79
Suppose 4 = -2*h + 2. Let m be (-1)/(((3/(-67))/(-3))/h). Let n = m + -67. Let k(b) = b**2 - b + 6. What is k(n)?
6
Let t(k) be the first derivative of k**4/4 + k + 648. Suppose 0 = p + 2. Calculate t(p).
-7
Let d(m) = 7*m**3 + m**2. Let y = 27 - 19. Let p be (-2)/y*2*(1 - 3). What is d(p)?
8
Let n be (-7 + 4)*(-13)/13. Let h(x) be the first derivative of 2 + 2/3*x**3 + 3*x + 0*x**2 - 1/4*x**4. Calculate h(n).
-6
Let m(i) = i**3 + 14*i**2 - 15*i + 2. Let b be m(-15). Let v(h) = -5 + b*h - 4*h**2 + 5*h**3 - h**3 - h**3 - 2*h**3. Calculate v(5).
30
Let l(s) be the second derivative of 5*s**3/6 + 9*s**2/2 + 2390*s - 2. Give l(5).
34
Let t(u) be the first derivative of -u**3/3 - 3*u**2 - 5*u + 81. Let h(f) = -2*f**2 - 3*f + 5. Let y be h(-3). Determine t(y).
3
Let q(x) = x**3 + 9*x**2 - 11*x - 9. Let y be q(-10). Suppose 3*o - 13 = -y. Let s be -3 + (o - 2) - -4. Let d(p) = -p**2 + 4*p - 1. Determine d(s).
2
Let u(t) = -4*t + 2. Let l(y) = y**3 + 5*y**2 + 27*y + 18. Let h be l(7). Let x = h - 800. What is u(x)?
22
Let a(k) be the third derivative of k**6/360 - k**5/60 + k**4/24 + 43*k**3/6 - 32*k**2 - k. Let v(r) be the first derivative of a(r). Calculate v(2).
1
Suppose -198 - 90 = 8*k. Let w be -2*19 - 2/(-2). Let r = w - k. Let z(t) = 6*t**2 - t. What is z(r)?
7
Let d(p) = 10*p - 14. Let z = 6569 + -6564. Give d(z).
36
Suppose 110 + 31 = -3*a - 5*k, 4*a = -2*k - 174. Suppose 2*j - 94 = -22. Let l = a + j. Let v(r) = r + 1. Calculate v(l).
-5
Let m(n) = -11*n + 0*n**2 + 73 - n**2 - 67 - 4*n**2 + 4*n**2. Determine m(-6).
36
Let f(g) = -149 - g + 71 + 50. Let c be f(-22). Let k(n) = 5*n + 20. Calculate k(c).
-10
Suppose -4*h - 71 = z + 62, 4*h - z = -123. Let d be 8/h - (-1289)/4. Let y(n) = -1 + d*n + 1 - 321*n. Determine y(-3).
-3
Suppose 7*v = 5*v, 3*v = 5*a - 55. Let g(c) = 19 - a - 2*c + 4*c - 7. Let q = 7 - 12. Calculate g(q).
-9
Let r(c) be the second derivative of 4/3*c**4 - 4*c + 0 + 3*c**2 - 7/6*c**3. Let y(d) = 16*d**2 - 6*d + 5. Let t(k) = 4*r(k) - 5*y(k). Determine t(1).
-15
Let g(s) be the first derivative of -s**5/60 + s**4/24 + 2*s**3/3 + 5*s**2/2 + s - 67. Let l(w) be the second derivative of g(w). Calculate l(0).
4
Suppose 0 = -18*v - 161*v - 232*v + 822. Let i(h) be the second derivative of -h**3 + 0 + 3/2*h**v - 24*h. What is i(4)?
-21
Let c = -1718 - -1723. Let m(t) = -7*t - 8*t + 21*t - 6 - 4*t. What is m(c)?
4
Let r(x) = 17*x + 30. Let p be (7/7)/(14/21*(-9)/12). Determine r(p).
-4
Let o(d) = 17*d + 2*d**2 - 15*d**2 + 20 + 0*d**2 - 6*d**2 + d**3. Suppose -1848*b + 36 = -1846*b. What is o(b)?
2
Let p(c) = 56*c**2 - 17*c + 4. Let l(q) = -75*q**2 + 22*q - 5. Let k(u) = -7*l(u) - 9*p(u). Determine k(1).
19
Let y(f) = -6*f + 3. Suppose -165*l = -192*l - 81. Determine y(l).
21
Let j(d) = d**2 + 7*d + 6. Suppose 15*t - 17 = -2. Suppose -3*n - 4*o = -2*n + t, -5*o = n. Determine j(n).
-4
Let a(l) = -3*l - 2. Suppose 43 = 3*w + 4*b, 2*b + 34 = 3*w - 3*b. Let d(g) = g**3 + 47*g**2 - 98*g + 4. Let k be d(-49). Suppose w = -k*r + 1. Calculate a(r).
7
Suppose 2*o + 2*x - 2 = 0, 4*o - 3*x - 17 - 8 = 0. Let v be ((-9)/(-2))/((-6)/(-32)). Suppose 0*g + v = -o*g. Let u(l) = -l**3 - 7*l**2 - 5*l + 8. What is u(g)?
2
Let m(j) = 2*j**3 + 61*j**2 + 30*j - 8. Suppose o - 5 = -5*l, -185 = 197*o - 192*o - 5*l. Calculate m(o).
-8
Let n(o) = -7*o - 185. Let b be n(-27). Let j(f) = -f**3 + 4*f**2 - 3*f - 3. Give j(b).
-15
Let t(c) be the first derivative of -c**3/3 + 5*c**2/2 + 10*c + 501. Calculate t(-4).
-26
Let t(j) = -j**2 + 7*j + 1. Let h = -76 - -85. Let k be (2 - (-16)/(-12)) + 183/h. Suppose -w + 11 = 5*v, 5 + k = 5*w - 4*v. Calculate t(w).
7
Let h(i) = i**3 + 6*i**2 + 3*i - 22. Let x be (1 + -4)*110/66. Give h(x).
-12
Let a(h) be the first derivative of h**3/3 - 15*h**2 - 59*h + 1288. Determine a(32).
5
Let i(z) be the third derivative of z**5/60 + z**4/24 - 29*z**3/6 + 10235*z**2. Calculate i(-7).
13
Let t(n) = n**3 + 23*n**2 - 212*n - 51. Let l be t(-30). Let q(p) = -11*p + 42. Give q(l).
-57
Suppose -7*z + 6*z = -16. Suppose 21*c - 17*c = z. Let b be 3/(3 + (-16)/c). Let s(t) = -t - 1. Determine s(b).
2
Let v(x) = -x**3 + 17*x**2 + 19*x + 12. Suppose 0 = -3*t - 5*m + 41 + 38, -3*t - 2*m + 64 = 0. Determine v(t).
30
Suppose -36*w + 636 = -33*w. Let a = 207 - w. Let v(q) = q**3 + 5*q**2 + 2*q + 4. What is v(a)?
-6
Suppose 16*u = 11*u + u. Let m(c) = u*c**3 - c**3 - c**2 - 1773 + 1747 - c. Determine m(0).
-26
Let x = 218